{"id":145,"date":"2017-05-04T22:08:13","date_gmt":"2017-05-04T20:08:13","guid":{"rendered":"http:\/\/kine-rhisnes.be\/?page_id=145"},"modified":"2023-12-07T19:58:12","modified_gmt":"2023-12-07T18:58:12","slug":"laureline-soutmans","status":"publish","type":"page","link":"http:\/\/kine-rhisnes.be\/index.php\/collaborateurs\/laureline-soutmans\/","title":{"rendered":"Pauline Hamblenne"},"content":{"rendered":"<h1 style=\"text-align: center;\">Master en kin\u00e9sith\u00e9rapie et r\u00e9adaptation:2012-2017 <em>Universit\u00e9 Catholique de Louvain\u00a0<\/em><\/h1>\n<h1>Formation en cours:<\/h1>\n<ul>\n<li>2024 : P\u00e9rin\u00e9ologie &#8211; Formation compl\u00e8te en r\u00e9\u00e9ducation abdomino-pelvienne et p\u00e9rinatale r\u00e9pondant aux crit\u00e8res QPP &#8211; <em>SFER<\/em><\/li>\n<\/ul>\n<h1>Formations suivies:<\/h1>\n<ul>\n<li>Mulligan Concept \u2013 <em>2023 Syndicat des masseurs kin\u00e9sith\u00e9rapeutes de Nouvelle \u2013 Cal\u00e9donie<\/em><\/li>\n<li>Les gymnastiques abdominales du non g\u00e9n\u00e9rateur de pression \u00e0 la posture et au gainage \u2013 <em>2021 IPPP<\/em><\/li>\n<li>P\u00e9rinatalit\u00e9 et sant\u00e9 abdomino-pelvienne chez les coureurs \u2013 <em>2021 Clinique du coureur<\/em><\/li>\n<li>Bien-\u00eatre autour de la naissance \u2013 <em>2021 SFER<\/em><\/li>\n<li>\u00a0Le sport, la femme et le p\u00e9rin\u00e9e \u2013 <em>2021 Haute Ecole L\u00e9onard de Vinci<\/em><\/li>\n<li>Th\u00e9rapie manuelle en pelvi-p\u00e9rin\u00e9ologie \u2013 <em>2020 SFER<\/em><\/li>\n<li>Pied du nourrisson \u2013 Traitement des malpositions et malformations du pied du nourrisson &#8211; <em>2020 SFER : Soci\u00e9t\u00e9 scientifique de Formation en R\u00e9\u00e9ducation<\/em><\/li>\n<li>Pelvi-P\u00e9rin\u00e9ologie f\u00e9minine : fondamentaux \u2013 <em>2019 IPPP<\/em><\/li>\n<li>Kin\u00e9sith\u00e9rapie et cancer du sein \u2013 <em>2019 IPPP<\/em><\/li>\n<li>Kin\u00e9sith\u00e9rapie globale en pr\u00e9 et post partum \u2013 <em>2019 IPPP : Institut de Pelvi-P\u00e9rin\u00e9ologie de Paris<\/em><\/li>\n<li>La kin\u00e9sith\u00e9rapie respiratoire du nourrisson \u2013 <em>2019 Abbas FAKHR<\/em><\/li>\n<li>Th\u00e9rapie manuelle du nourrisson \u2013 <em>2018 KineFormation<\/em><\/li>\n<li>Master compl\u00e9mentaire en musculo-squelettique \u2013 <em>2017 \u2013 2018 UCL<\/em><\/li>\n<\/ul>\n","protected":false},"excerpt":{"rendered":"<p>Master en kin\u00e9sith\u00e9rapie et r\u00e9adaptation:2012-2017 Universit\u00e9 Catholique de Louvain\u00a0 Formation en cours: 2024 : P\u00e9rin\u00e9ologie &#8211; Formation compl\u00e8te en r\u00e9\u00e9ducation abdomino-pelvienne et p\u00e9rinatale r\u00e9pondant aux crit\u00e8res QPP &#8211; SFER Formations suivies: Mulligan Concept \u2013 2023 Syndicat des masseurs kin\u00e9sith\u00e9rapeutes de &hellip; <a href=\"http:\/\/kine-rhisnes.be\/index.php\/collaborateurs\/laureline-soutmans\/\">Continuer la lecture <span class=\"meta-nav\">&rarr;<\/span><\/a><\/p>\n","protected":false},"author":1,"featured_media":0,"parent":57,"menu_order":0,"comment_status":"closed","ping_status":"closed","template":"","meta":{"footnotes":""},"_links":{"self":[{"href":"http:\/\/kine-rhisnes.be\/index.php\/wp-json\/wp\/v2\/pages\/145"}],"collection":[{"href":"http:\/\/kine-rhisnes.be\/index.php\/wp-json\/wp\/v2\/pages"}],"about":[{"href":"http:\/\/kine-rhisnes.be\/index.php\/wp-json\/wp\/v2\/types\/page"}],"author":[{"embeddable":true,"href":"http:\/\/kine-rhisnes.be\/index.php\/wp-json\/wp\/v2\/users\/1"}],"replies":[{"embeddable":true,"href":"http:\/\/kine-rhisnes.be\/index.php\/wp-json\/wp\/v2\/comments?post=145"}],"version-history":[{"count":17,"href":"http:\/\/kine-rhisnes.be\/index.php\/wp-json\/wp\/v2\/pages\/145\/revisions"}],"predecessor-version":[{"id":226,"href":"http:\/\/kine-rhisnes.be\/index.php\/wp-json\/wp\/v2\/pages\/145\/revisions\/226"}],"up":[{"embeddable":true,"href":"http:\/\/kine-rhisnes.be\/index.php\/wp-json\/wp\/v2\/pages\/57"}],"wp:attachment":[{"href":"http:\/\/kine-rhisnes.be\/index.php\/wp-json\/wp\/v2\/media?parent=145"}],"curies":[{"name":"wp","href":"https:\/\/api.w.org\/{rel}","templated":true}]}}