{"id":2,"date":"2017-04-23T22:23:40","date_gmt":"2017-04-23T20:23:40","guid":{"rendered":"http:\/\/kine-rhisnes.be\/?page_id=2"},"modified":"2024-05-29T12:00:59","modified_gmt":"2024-05-29T10:00:59","slug":"page-d-exemple","status":"publish","type":"page","link":"http:\/\/kine-rhisnes.be\/","title":{"rendered":""},"content":{"rendered":"<h2 style=\"text-align: center;\">Dipl\u00f4m\u00e9e en kin\u00e9sith\u00e9rapie depuis plus de 15 ans, je travaille dans mon cabinet \u00e0 Rhisnes ou au domicile des patients ne pouvant se d\u00e9placer.<\/h2>\n<h2 style=\"text-align: center;\">Pour tout renseignements et prise de rendez-vous, n&rsquo;h\u00e9sitez pas \u00e0 me joindre au 0494\/58.80.40.<\/h2>\n<p style=\"text-align: center;\">Adresse du cabinet :<br \/>\nrue derri\u00e8re les monts, 41 &#8211; 5080 Rhisnes<\/p>\n","protected":false},"excerpt":{"rendered":"<p>Dipl\u00f4m\u00e9e en kin\u00e9sith\u00e9rapie depuis plus de 15 ans, je travaille dans mon cabinet \u00e0 Rhisnes ou au domicile des patients ne pouvant se d\u00e9placer. Pour tout renseignements et prise de rendez-vous, n&rsquo;h\u00e9sitez pas \u00e0 me joindre au 0494\/58.80.40. Adresse du &hellip; <a href=\"http:\/\/kine-rhisnes.be\/\">Continuer la lecture <span class=\"meta-nav\">&rarr;<\/span><\/a><\/p>\n","protected":false},"author":1,"featured_media":0,"parent":0,"menu_order":0,"comment_status":"closed","ping_status":"open","template":"","meta":{"footnotes":""},"_links":{"self":[{"href":"http:\/\/kine-rhisnes.be\/index.php\/wp-json\/wp\/v2\/pages\/2"}],"collection":[{"href":"http:\/\/kine-rhisnes.be\/index.php\/wp-json\/wp\/v2\/pages"}],"about":[{"href":"http:\/\/kine-rhisnes.be\/index.php\/wp-json\/wp\/v2\/types\/page"}],"author":[{"embeddable":true,"href":"http:\/\/kine-rhisnes.be\/index.php\/wp-json\/wp\/v2\/users\/1"}],"replies":[{"embeddable":true,"href":"http:\/\/kine-rhisnes.be\/index.php\/wp-json\/wp\/v2\/comments?post=2"}],"version-history":[{"count":7,"href":"http:\/\/kine-rhisnes.be\/index.php\/wp-json\/wp\/v2\/pages\/2\/revisions"}],"predecessor-version":[{"id":209,"href":"http:\/\/kine-rhisnes.be\/index.php\/wp-json\/wp\/v2\/pages\/2\/revisions\/209"}],"wp:attachment":[{"href":"http:\/\/kine-rhisnes.be\/index.php\/wp-json\/wp\/v2\/media?parent=2"}],"curies":[{"name":"wp","href":"https:\/\/api.w.org\/{rel}","templated":true}]}}